18063?
6
What is the ten millions digit of 3418520169?
1
What is the hundreds digit of 4020999758?
7
What is the hundred millions digit of 223555389?
2
What is the ten millions digit of 750853850?
5
What is the hundred thousands digit of 238554577?
5
What is the hundred millions digit of 2658576001?
6
What is the hundred thousands digit of 320851925?
8
What is the hundreds digit of 1251142366?
3
What is the tens digit of 713049456?
5
What is the hundreds digit of 2191240096?
0
What is the hundred thousands digit of 225003570?
0
What is the hundred thousands digit of 50795044?
7
What is the hundred thousands digit of 1986746622?
7
What is the units digit of 26681826?
6
What is the millions digit of 215573118?
5
What is the ten millions digit of 55468259?
5
What is the hundreds digit of 23059199?
1
What is the units digit of 548013176?
6
What is the billions digit of 4005965715?
4
What is the thousands digit of 344106772?
6
What is the millions digit of 1428431690?
8
What is the units digit of 32601102?
2
What is the ten millions digit of 195167031?
9
What is the thousands digit of 850770815?
0
What is the ten thousands digit of 201544979?
4
What is the units digit of 557381772?
2
What is the billions digit of 2159100757?
2
What is the hundreds digit of 4246833569?
5
What is the thousands digit of 562055?
2
What is the millions digit of 23139722?
3
What is the ten thousands digit of 24120310?
2
What is the tens digit of 1357051888?
8
What is the ten thousands digit of 503053260?
5
What is the ten millions digit of 110652247?
1
What is the tens digit of 305982492?
9
What is the hundred millions digit of 272570500?
2
What is the thousands digit of 274320660?
0
What is the ten thousands digit of 3586605?
8
What is the thousands digit of 5517133?
7
What is the hundreds digit of 4031367341?
3
What is the thousands digit of 698074235?
4
What is the units digit of 184465361?
1
What is the ten thousands digit of 5079158252?
5
What is the ten thousands digit of 189016752?
1
What is the millions digit of 2726018093?
6
What is the ten thousands digit of 634526917?
2
What is the hundred thousands digit of 22757414?
7
What is the units digit of 439519439?
9
What is the units digit of 153054028?
8
What is the hundred millions digit of 834073590?
8
What is the hundreds digit of 17297373?
3
What is the tens digit of 45170753?
5
What is the thousands digit of 153310497?
0
What is the thousands digit of 2438454288?
4
What is the millions digit of 42496863?
2
What is the ten millions digit of 411287195?
1
What is the millions digit of 6054487?
6
What is the tens digit of 61129961?
6
What is the units digit of 1531183915?
5
What is the hundreds digit of 89398300?
3
What is the hundred thousands digit of 66709661?
7
What is the units digit of 4069784?
4
What is the thousands digit of 5935027?
5
What is the hundred millions digit of 394217807?
3
What is the ten thousands digit of 5885236?
8
What is the tens digit of 172858061?
6
What is the hundred millions digit of 379907907?
3
What is the hundred millions digit of 5780926906?
7
What is the millions digit of 72033278?
2
What is the ten thousands digit of 32398758?
9
What is the thousands digit of 8082655268?
5
What is the tens digit of 57244750?
5
What is the hundred thousands digit of 44149495?
1
What is the thousands digit of 1500816165?
6
What is the units digit of 374477?
7
What is the thousands digit of 184748315?
8
What is the tens digit of 3668902904?
0
What is the thousands digit of 36773521?
3
What is the ten thousands digit of 1426392877?
9
What is the units digit of 51121361?
1
What is the units digit of 1231123626?
6
What is the millions digit of 11645257?
1
What is the units digit of 82403858?
8
What is the billions digit of 1595580513?
1
What is the tens digit of 53067907?
0
What is the tens digit of 169481871?
7
What is the units digit of 159550480?
0
What is the units digit of 205314021?
1
What is the units digit of 102130060?
0
What is the tens digit of 480090755?
5
What is the millions digit of 1244322207?
4
What is the units digit of 3153599?
9
What is the hundreds digit of 1778001595?
5
What is the millions digit of 801762508?
1
What is the ten thousands digit of 793880223?
8
What is the thousands digit of 410220738?
0
What is the hundred thousands digit of 355611623?
6
What is the hundred thousands digit of 3685807327?
8
What is the thousands digit of 1550282553?
2
What is the hundred thousands digit of 450424677?
4
What is the ten thousands digit of 127173091?
7
What is the units digit of 20345486?
6
What is the ten thousands digit of 3638114404?
1
What is the thousands digit of 86108639?
8
What is the hundred millions digit of 120777771?
1
What is the thousands digit of 1706095661?
5
What is the tens digit of 1009176446?
4
What is the ten millions digit of 150025448?
5
What is the thousands digit of 45766731?
6
What is the hundreds digit of 4175528364?
3
What is the ten millions digit of 1616853492?
1
What is the tens digit of 4590859272?
7
What is the hundred millions digit of 6451848671?
4
What is the thousands digit of 48436637?
6
What is the thousands digit of 461640558?
0
What is the ten millions digit of 521408214?
2
What is the ten millions digit of 304315351?
0
What is the units digit of 9452995?
5
What is the thousands digit of 49671086?
1
What is the ten millions digit of 3937366275?
3
What is the thousands digit of 59975545?
5
What is the millions digit of 93142016?
3
What is the ten millions digit of 13818498?
1
What is the ten millions digit of 33081722?
3
What is the thousands digit of 46363542?
3
What is the units digit of 36236324?
4
What is the tens digit of 1712522445?
4
What is the hundreds digit of 489828137?
1
What is the tens digit of 45914328?
2
What is the hundreds digit of 540135804?
8
What is the units digit of 494477045?
5
What is the hundreds digit of 72196869?
8
What is the tens digit of 289481875?
7
What is the ten millions digit of 2528208472?
2
What is the units digit of 59027629?
9
What is the millions digit of 1369272348?
9
What is the hundreds digit of 4868870348?
3
What is the ten millions digit of 684434078?
8
What is the hundred thousands digit of 460329970?
3
What is the ten millions digit of 308103850?
0
What is the ten thousands digit of 634321697?
2
What is the ten millions digit of 9007716470?
0
What is the ten millions digit of 336675048?
3
What is the ten thousands digit of 6231108472?
0
What is the units digit of 1413769569?
9
What is the thousands digit of 63655747?
5
What is the thousands digit of 8164604845?
4
What is the millions digit of 275667722?
5
What is the millions digit of 59944387?
9
What is the thousands digit of 81386104?
6
What is the hundred thousands digit of 585287158?
2
What is the hundreds digit of 6521176939?
9
What is the tens digit of 114885904?
0
What is the thousands digit of 166463801?
3
What is the hundreds digit of 101273026?
0
What is the tens digit of 5208246061?
6
What is the thousands digit of 44789368?
9
What is the millions digit of 6869710781?
9
What is the hundred thousands digit of 229010120?
0
What is the thousands digit of 152805523?
5
What is the hundred millions digit of 107595468?
1
What is the tens digit of 616621787?
8
What is the ten thousands digit of 153317745?
1
What is the ten thousands digit of 12735351?
3
What is the thousands digit of 57261777?
1
What is the hundred millions digit of 349080346?
3
What is the hundreds digit of 309388006?
0
What is the tens digit of 132969301?
0
What is the hundred millions digit of 1837511059?
8
What is the ten millions digit of 3214540328?
1
What is the ten thousands digit of 3687960951?
6
What is the ten thousands digit of 1278247909?
4
What is the ten thousands digit of 34751141?
5
What is the hundreds digit of 43491864?
8
What is the ten thousands digit of 27384004?
8
What is the ten millions digit of 39747313?
3
What is the tens digit of 301861843?
4
What is the hundreds digit of 674189510?
5
What is the tens digit of 3116224407?
0
What is the millions digit of 264144410?
4
What is the thousands digit of 1222279090?
9
What is the thousands digit of 1738171787?
1
What is the ten millions digit of 3779459759?
7
What is the ten millions digit of 114254208?
